{"id":209,"date":"2025-10-28T10:00:29","date_gmt":"2025-10-28T08:00:29","guid":{"rendered":"https:\/\/corplore.fi\/?page_id=209"},"modified":"2026-02-13T16:24:34","modified_gmt":"2026-02-13T14:24:34","slug":"brandinhallinta","status":"publish","type":"page","link":"https:\/\/corplore.fi\/index.php\/brandinhallinta\/","title":{"rendered":"Br\u00e4ndinhallinta"},"content":{"rendered":"\n<p>Kokeneena br\u00e4ndinhallinnan ammattilaisena voin tukea yrityksi\u00e4 br\u00e4ndin kirkastamisessa ja auttaa sanoittamaan erottuvan ja merkityksellisen br\u00e4nditarinan.<\/p>\n\n\n\n<p>Vuosien varrella olen ollut mukana useissa merkitt\u00e4viss\u00e4 yritysj\u00e4rjestelyiss\u00e4, joissa olen vastannut sek\u00e4 viestinn\u00e4st\u00e4 ett\u00e4 br\u00e4ndinhallinnasta koko projektin elinkaaren ajan. Olen ollut mukana luomassa t\u00e4ysin uusia yritysbr\u00e4ndej\u00e4 ja toteuttanut laajoja br\u00e4ndiuudistuksia, joissa on rakennettu uudelleen koko yrityksen identiteetti ja viestit.<\/p>\n\n\n\n<p>Strategisten br\u00e4ndiprojektien johtaminen on antanut ainutlaatuisen n\u00e4k\u00f6alan siihen, miten huolellisesti sanoitettu tarina ja johdonmukainen br\u00e4ndikokemus voivat auttaa yrityst\u00e4 erottautumaan ja menestym\u00e4\u00e4n muutoksessa.<\/p>\n\n\n\n<figure class=\"wp-block-image size-large\"><img loading=\"lazy\" decoding=\"async\" width=\"1024\" height=\"750\" src=\"https:\/\/corplore.fi\/wp-content\/uploads\/2026\/02\/Kasvu3-1024x750.jpg\" alt=\"\" class=\"wp-image-293\" srcset=\"https:\/\/corplore.fi\/wp-content\/uploads\/2026\/02\/Kasvu3-1024x750.jpg 1024w, https:\/\/corplore.fi\/wp-content\/uploads\/2026\/02\/Kasvu3-300x220.jpg 300w, https:\/\/corplore.fi\/wp-content\/uploads\/2026\/02\/Kasvu3-768x562.jpg 768w, https:\/\/corplore.fi\/wp-content\/uploads\/2026\/02\/Kasvu3.jpg 1068w\" sizes=\"auto, (max-width: 1024px) 100vw, 1024px\" \/><\/figure>\n","protected":false},"excerpt":{"rendered":"<p>Kokeneena br\u00e4ndinhallinnan ammattilaisena voin tukea yrityksi\u00e4 br\u00e4ndin kirkastamisessa ja auttaa sanoittamaan erottuvan ja merkityksellisen br\u00e4nditarinan. Vuosien varrella olen ollut mukana [&hellip;]<\/p>\n","protected":false},"author":1,"featured_media":0,"parent":0,"menu_order":0,"comment_status":"closed","ping_status":"closed","template":"","meta":{"site-sidebar-layout":"default","site-content-layout":"","ast-site-content-layout":"narrow-width-container","site-content-style":"default","site-sidebar-style":"default","ast-global-header-display":"","ast-banner-title-visibility":"","ast-main-header-display":"","ast-hfb-above-header-display":"","ast-hfb-below-header-display":"","ast-hfb-mobile-header-display":"","site-post-title":"","ast-breadcrumbs-content":"","ast-featured-img":"","footer-sml-layout":"","ast-disable-related-posts":"","theme-transparent-header-meta":"","adv-header-id-meta":"","stick-header-meta":"","header-above-stick-meta":"","header-main-stick-meta":"","header-below-stick-meta":"","astra-migrate-meta-layouts":"default","ast-page-background-enabled":"default","ast-page-background-meta":{"desktop":{"background-color":"var(--ast-global-color-5)","background-image":"","background-repeat":"repeat","background-position":"center center","background-size":"auto","background-attachment":"scroll","background-type":"","background-media":"","overlay-type":"","overlay-color":"","overlay-opacity":"","overlay-gradient":""},"tablet":{"background-color":"","background-image":"","background-repeat":"repeat","background-position":"center center","background-size":"auto","background-attachment":"scroll","background-type":"","background-media":"","overlay-type":"","overlay-color":"","overlay-opacity":"","overlay-gradient":""},"mobile":{"background-color":"","background-image":"","background-repeat":"repeat","background-position":"center center","background-size":"auto","background-attachment":"scroll","background-type":"","background-media":"","overlay-type":"","overlay-color":"","overlay-opacity":"","overlay-gradient":""}},"ast-content-background-meta":{"desktop":{"background-color":"var(--ast-global-color-4)","background-image":"","background-repeat":"repeat","background-position":"center center","background-size":"auto","background-attachment":"scroll","background-type":"","background-media":"","overlay-type":"","overlay-color":"","overlay-opacity":"","overlay-gradient":""},"tablet":{"background-color":"var(--ast-global-color-4)","background-image":"","background-repeat":"repeat","background-position":"center center","background-size":"auto","background-attachment":"scroll","background-type":"","background-media":"","overlay-type":"","overlay-color":"","overlay-opacity":"","overlay-gradient":""},"mobile":{"background-color":"var(--ast-global-color-4)","background-image":"","background-repeat":"repeat","background-position":"center center","background-size":"auto","background-attachment":"scroll","background-type":"","background-media":"","overlay-type":"","overlay-color":"","overlay-opacity":"","overlay-gradient":""}},"footnotes":""},"class_list":["post-209","page","type-page","status-publish","hentry"],"_links":{"self":[{"href":"https:\/\/corplore.fi\/index.php\/wp-json\/wp\/v2\/pages\/209","targetHints":{"allow":["GET"]}}],"collection":[{"href":"https:\/\/corplore.fi\/index.php\/wp-json\/wp\/v2\/pages"}],"about":[{"href":"https:\/\/corplore.fi\/index.php\/wp-json\/wp\/v2\/types\/page"}],"author":[{"embeddable":true,"href":"https:\/\/corplore.fi\/index.php\/wp-json\/wp\/v2\/users\/1"}],"replies":[{"embeddable":true,"href":"https:\/\/corplore.fi\/index.php\/wp-json\/wp\/v2\/comments?post=209"}],"version-history":[{"count":7,"href":"https:\/\/corplore.fi\/index.php\/wp-json\/wp\/v2\/pages\/209\/revisions"}],"predecessor-version":[{"id":345,"href":"https:\/\/corplore.fi\/index.php\/wp-json\/wp\/v2\/pages\/209\/revisions\/345"}],"wp:attachment":[{"href":"https:\/\/corplore.fi\/index.php\/wp-json\/wp\/v2\/media?parent=209"}],"curies":[{"name":"wp","href":"https:\/\/api.w.org\/{rel}","templated":true}]}}